ive p(-13).
-6
Let b(x) = -8*x + 95. Let q be b(-9). Suppose -q + 69 = 7*c. Let j(u) = u + 11. Determine j(c).
-3
Let o = 24 - 25. Let j(k) = -557*k**2 + 543*k**2 - k + 0*k. Give j(o).
-13
Let r(o) = -6*o. Let i be 1/(-2)*(-2 + 0). Let l be r(i). Let h(s) be the first derivative of -s**4/4 - 7*s**3/3 - 7*s**2/2 - 2*s - 253256. Determine h(l).
4
Suppose -3*l + u + 5 = -13, -4*l + u = -24. Let q(x) = 40 + 0*x - x**2 + l*x - x + 2*x - 47. Give q(7).
-7
Suppose 2*q = 7 - 3. Suppose -4*u - 65 = -2*y - 9*u, 29 = y - u. Let p(d) = y*d + 17*d - 44*d. Calculate p(q).
6
Let i(m) be the third derivative of 7*m**5/120 + m**4/12 + 8*m**3 - 6*m**2 - 14. Let z(d) be the first derivative of i(d). What is z(-4)?
-26
Let x(i) = -i + 86. Let h(l) = -120. Let t(j) = 4*h(j) + 5*x(j). Determine t(-8).
-10
Suppose -5*o = -4*z - 0*z - 28, 4*z = -2*o. Suppose 2*y - 11*n = -12*n + 17, -y = -2*n + o. Let k(j) = j - 7. Calculate k(y).
-1
Let y(p) = -p + 4. Suppose 2*q = 261 + 73. Suppose 0 = 3*l + 5*m + q, -4*l + 0*l - 251 = m. Let n = l + 70. Determine y(n).
-2
Let u = 25 - 25. Let w(z) be the third derivative of -z**5/60 - z**3/3 - 18*z**2. Determine w(u).
-2
Let l(u) = 62*u**2 + 2*u - 2. Let y(w) = 144*w**2 + 4*w - 4. Let f(z) = -7*l(z) + 3*y(z). Determine f(-2).
-2
Let n(c) = 6*c + 97. Suppose 67*h + 160 = -1046. Calculate n(h).
-11
Let d(s) = s + 35. Let g be d(-24). Suppose 0 = l + 5*n - 31, -3*l = 4*n + g - 104. Suppose l = -4*m + 11. Let y(k) = k**2 + 5*k + 4. Calculate y(m).
4
Let a(f) = 1. Let j(t) = -3*t - 5. Let x(m) = -2*a(m) - j(m). Let q = -380 + 397. Suppose 13 = 5*z - q. What is x(z)?
21
Let r(j) = 34*j + 29. Let h be (4 + 1)/(-20 + (48 - 29)). What is r(h)?
-141
Let f(l) = l**2 + 4*l - 19. Let s be f(-7). Let x(a) = -10*a**3 - 8*a**3 + 1 - a**2 - s*a**2 + 20*a**3. Let i = -11 + 13. Calculate x(i).
5
Let g be 98/42*(10 - 7). Let j(u) = -u**3 + 7*u**2 - 4*u + 32. What is j(g)?
4
Let b(t) = -4*t**2 + t. Let z(p) = p**2 + p - 1. Let h = -50 - -51. Let x be z(h). Let m be -17 + 17 + x/(-1). Calculate b(m).
-5
Suppose 240 = 1342*d - 1372*d. Let f(y) = -7*y - 8. Let z(k) = k. Let h(j) = -f(j) - 6*z(j). Give h(d).
0
Let s = 9256 - 9250. Let t(l) = -2*l**2 + 2*l + 8. Determine t(s).
-52
Suppose 0 = -5*b - 3*i - 2, 3*i - 2 = -2*b - 1. Let d(x) = 12*x**2 + 4*x + 3. Determine d(b).
11
Suppose 511 = 3*l - 4*p, 4*l - 6*l + 5*p + 343 = 0. Let c = -172 + l. Let m(i) = i**3 + 4*i**2 - 1. What is m(c)?
8
Let h(f) = f - 6. Let z be h(7). Let t(b) = b**2 + 4*b + 1. Let o be t(-4). Let x(n) = -8*n**3 - n**2 - o + 12*n**2 + 0*n**2 - 9*n**2. Give x(z).
-7
Let k(n) be the first derivative of 16*n**2 - 201*n + 1030. Determine k(7).
23
Let d(i) = 4*i**2 - 9*i + 33. Let g(c) = -c**2 - c - 5. Let h(q) = d(q) + 5*g(q). Let w(t) = 2*t**2 + 40*t - 24. Let f(j) = -8*h(j) - 3*w(j). Determine f(6).
32
Let v(j) = j + 14*j + 8*j + 13*j - 3 - 35*j. Determine v(0).
-3
Let j(x) = x. Let u(v) = -v**2 + v + 3. Let t = -481 + 484. Let f be u(t). Calculate j(f).
-3
Let z(q) = 346*q - 707. Let w be z(2). Let t(y) = -y**2 - 11*y + 2. What is t(w)?
-58
Let h(n) = 7*n + 28. Let j(m) = m**3 + 18*m**2 + 55*m - 18. Let c be j(-14). Give h(c).
0
Let h(a) = -2*a**2 - 27*a - 60. Let g(m) = -m**2 + 22*m + 37. Let f be g(24). What is h(f)?
-5
Let j(n) = 204 - 189 + 4*n - 5*n. Suppose -5*i = -z - 28 + 11, 4*i = 4. Calculate j(z).
27
Let u(o) = -o**3 + 11*o**2 - 54*o + 222. Let p be u(8). Let j(l) = -l**3 - 17*l**2 + 18*l - 4. Determine j(p).
-4
Let d = -3 - -2. Let b(y) = -402*y - 14. Let c(g) = -161*g - 6. Let f(p) = -2*b(p) + 5*c(p). Calculate f(d).
-1
Let b(l) = l**3 + 9*l**2 + l. Let d be b(-9). Let m = 5 + d. Let p(v) be the second derivative of -v**3/6 - 4*v**2 - 8*v. Calculate p(m).
-4
Let c be (-6 - (23 - 20)) + 8. Let h(p) = -6*p**2 - 7*p - 6. Give h(c).
-5
Let v(t) = -19*t**2 - t. Let q(s) = -13*s - 208. Let j be q(0). Let z = j + 209. Calculate v(z).
-20
Let k(q) = -q - 15965*q**3 + 3*q**2 + 15966*q**3 + q**2 + q - 1 + 2*q. What is k(-4)?
-9
Let i(c) = -c**3 - 5*c**2 - 3*c - 5. Let w(b) = -b**3 - 24*b**2 - 143*b - 5. Let d be w(-13). Determine i(d).
10
Suppose -2*r = 8*r - 300. Suppose 3*s + 1 = -j, 4*s + 6 = 3*j - r. Let k(z) = -z + 17*z - j*z - 6*z + 4*z**2. Calculate k(-2).
12
Let c(s) = -2 - 6 + 3*s + 2. Let l(p) = -p**3 + 22*p**2 - 6*p - 308. Let g be l(21). Determine c(g).
15
Let y be ((-6)/(-4))/((-2)/(-12)). Let w(g) = -2*g**2 + 2*g - 5. Let l(h) = h**2 - h + 2. Let r(d) = y*l(d) + 4*w(d). Let q = 1123 - 1125. Give r(q).
4
Let b(w) be the first derivative of -w**3/3 - 17*w**2/2 + 67*w + 1322. Determine b(-20).
7
Let x(o) = -4*o - 68. Let c be x(-18). Let p be 5/(20/12) - 4 - c. Let r(n) = -n - 7. Calculate r(p).
-2
Suppose -17568*a + 60 = -17556*a. Let z(t) = -t**2 + 9*t - 18. Calculate z(a).
2
Let f = -5 - -8. Suppose 4*v + v - 15 = -f*u, 0 = u + 2*v - 4. Let m(p) = -1 + u*p + 2 + 9*p - 7*p. What is m(-1)?
-11
Let h(p) = -p**2 - 5*p + 4. Let q = 175 - 155. Let c be -6 + -1 - q/(-5). What is h(c)?
10
Let d be 1/(10/12 - 100/300). Let v(m) be the first derivative of -29 + d*m - 4*m**2 - 1/3*m**3. Give v(-7).
9
Let m(x) = -x**3 - 10*x**2 - 8*x + 6. Let n = -290 + 295. Suppose -n*w = 4*o + 25, 4*w - 7 = 4*o - 63. Give m(w).
-3
Let l(q) be the first derivative of -q**4/2 + 4*q**3 - 13*q**2/2 + 2*q + 2788. What is l(4)?
14
Let j be 7 + -2 - 8 - -5. Let h(b) = -b + 526*b**3 - 2 - b**j - 527*b**3 + 9 + 2*b**2. What is h(0)?
7
Let q(y) = -y**3 + 4*y**2 - 5*y + 17. Suppose 0 = -63*b + 242 - 44 + 117. What is q(b)?
-33
Let d(i) = -2*i**2 + 8*i - 6. Suppose -4*h - 18 = -10*h. Suppose 2*t = -2*z + 20, -36 = -4*t - 0*z - h*z. What is d(t)?
-30
Let n(a) be the third derivative of -a**5/60 + 5*a**4/12 + a**3/3 + 3*a**2 + 3. Calculate n(8).
18
Let y(x) = x**3 - 16*x**2 - 16*x - 24. Let o be 2*65/(-26)*68/(-20). Determine y(o).
-7
Let u(n) = 3*n**2 + 8*n. Suppose 2*l = 5*a + 5, 5*l + 9 + 19 = -a. Let b be u(a). Let f(o) = b + 7 + 4 - 10*o - 13. Calculate f(-1).
11
Let a(k) be the first derivative of k**4/4 + 8*k**3/3 - 11*k**2/2 - 2*k + 2359. What is a(-9)?
16
Let i(p) = 245*p - p**3 + 434*p - p**2 + 1 - 680*p. Let x(g) = -g + 4. Let s be x(4). Suppose -4*b = -n - 1 + 4, s = -b - n - 7. Determine i(b).
7
Let l(o) be the first derivative of 2*o**3/3 - o**2/2 + o + 677. Determine l(1).
2
Suppose -5*j = -3*g + 4 + 14, j = 4*g - 7. Let o(w) = 0 + 608*w - 606*w - g. Suppose 0 = 3*p - 5*s - 2, -s + 4 + 2 = p. Calculate o(p).
7
Let h(l) = -99*l**2 - 9*l - 46. Let y(o) = -115*o**2 - 9*o - 47. Let x(q) = -7*h(q) + 6*y(q). What is x(-6)?
94
Let i(g) = g**2 + 13*g - 4. Let u = 294 + -292. Suppose y = -4*c - 17, -2*y + 5*y = -u*c - 41. Give i(y).
-4
Let t(k) = -2*k + 1. Let m be t(3). Let u = -421 - -429. Let w(j) = 10*j + 7 - u - 12*j. Calculate w(m).
9
Suppose -51*a = -83*a - 608. Let h(q) = -q**3 - 19*q**2 + 6. Give h(a).
6
Let w(h) = -h**3 + 8*h**2 - h + 7. Suppose 23*t - 15249 + 15065 = 0. Give w(t).
-1
Let y be (2/1)/(289/51 + -5). Let c(p) = -p**2 + 5*p - 16. What is c(y)?
-10
Let w(p) = -3*p + 51 + 5*p - 34 - 7*p. What is w(7)?
-18
Let w(k) = 1. Let f = 0 - -1. Let h(g) be the first derivative of -5*g**2/2 - 7*g + 463. Let u(o) = f*h(o) + 6*w(o). What is u(2)?
-11
Let u(y) = -y - 3. Let o(h) = h**2 - 17*h + 10. Let r be o(17). Let m be u(r). Let z = -18 - m. Let n(q) = -q**3 - 4*q**2 + 6*q + 4. What is n(z)?
-1
Let i(l) = 829*l - 34 + l**2 - 4*l**2 - 12 - 846*l + l**2. Calculate i(-7).
-25
Suppose 28 - 13 = s. Suppose -6*g = -11*g + s. Let d(c) be the first derivative of -c**3/3 + 5*c**2/2 + c - 1. Determine d(g).
7
Let q(v) be the first derivative of -v**3/3 - 17*v**2 - 79*v - 1006. Give q(-31).
14
Let m(u) = 24*u**2 + 12*u + 109. Let k(t) = t - 31. Let f(n) = -4*k(n) - m(n). Give f(1).
-25
Let v(a) = -a**3 - 7*a**2 - 3*a + 2. Let s be (-2)/(-3)*9*(-6)/12. Give v(s).
-25
Let a(g) = -59 - 67 - 13*g + 188 - 39. Give a(2).
-3
Let v be ((-6)/10)/((-7)/(-35)). Let p(s) = -s**2 - s - 1. Let o(z) = -4*z**2 - 2*z - 8. Let m(y) = v*p(y) + o(y). Calculate m(0).
-5
Let b(z) = z**3 - 15*z**2 + 4*z - 13. Let w(i) = 284*i - 554. Let n be w(2). Determine b(n).
-153
Suppose -2*o = -r + 37, -2*r + 72 = -4*o - o. Let t = -39 + r. Let k(z) = -z**3 - 7*z**2 + t*z**2 + 4*z**2 - 7*z**2 + 4. Calculate k(-8).
4
Let s(a) = 3*a +